 be s(3). Let v(i) = -i**3 - 2*i**2 - 4*i - 2. Let j be v(-2). What is the highest common factor of j and o?
2
Suppose -5*g - 172 = -5*w - 42, 0 = -4*w + 3*g + 100. Calculate the greatest common factor of w and 2.
2
Let c(v) = -v**3 + 9*v**2 - 2*v - 3. Let l be c(8). What is the highest common factor of l and 18?
9
Let b(h) = h + 1. Let w(z) = 7*z + 12. Let g(n) = -6*b(n) + w(n). Let u be g(7). Calculate the greatest common divisor of u and 104.
13
Let l = 49 - 32. Let f = 296 - 178. Let j = f + -67. What is the highest common factor of l and j?
17
Let f(b) = b + 16. Let l be f(-7). Calculate the highest common divisor of l and 36.
9
Let t = 74 - 38. Calculate the greatest common divisor of 24 and t.
12
Let y(d) = 35*d**2 - d - 1. Let u be y(1). What is the highest common factor of 3 and u?
3
Suppose 0 = 3*u - 5*k - 111, 2*k + 204 = 5*u - 0*k. Suppose 4*y - 54 = 2. Calculate the greatest common divisor of y and u.
14
Suppose 160 = 14*t - 9*t. Calculate the highest common divisor of 288 and t.
32
Suppose 2*t - 1254 = -5*f + 4*t, -750 = -3*f + 2*t. What is the highest common factor of f and 28?
28
Let m(x) be the third derivative of -7*x**4/24 - 2*x**3/3 + 3*x**2. Let i be m(-7). What is the highest common divisor of i and 18?
9
Let d be 2 + 2/(-4)*-2. Let q(v) = -2*v**3 - 2*v**2 + 2*v - 2. Let t be q(-3). Let g = t + -19. Calculate the highest common factor of d and g.
3
Let w(t) = 2*t + 6. Let z be w(6). Suppose -4*x + 10 = 2*k, 5*k - 33 = -2*x + 8. Calculate the highest common factor of z and k.
9
Suppose -95 = -5*a + 3*m, 3*a + 0*m = m + 61. What is the highest common divisor of 33 and a?
11
Let v be (7 + -6)*(0 + 4). Let s(w) = -w**3 + 4*w**2 + 3*w + 2. Let q be s(v). What is the greatest common divisor of q and 140?
14
Let j = -3 - -27. Calculate the highest common factor of j and 3.
3
Let a(l) = -l**2 + 12*l + 16. Let q be a(10). Calculate the highest common divisor of q and 288.
36
Suppose -3*i + 3 - 4 = -g, 5*i - 45 = -3*g. Let a = 30 + g. Calculate the greatest common divisor of a and 8.
8
Suppose -2*i + 16 = 2*i, -i - 1 = y. Let w = -4 - y. Let f(x) = 3*x**2 + 2*x - 1. Let l be f(w). Calculate the greatest common divisor of l and 6.
2
Let i be (2 - 1)*-5 + 35. Calculate the highest common divisor of i and 210.
30
Let v(c) = c**2 - 2*c + 2. Let t be v(6). Let q = -42 + 224. What is the greatest common divisor of t and q?
26
Suppose 2*p - 17 = 5. Calculate the highest common factor of p and 11.
11
Suppose 2*o + 5*n = -16, -5 + 11 = o - n. Let r(j) = j**3 - 6*j**2 + 3*j. Let a = 19 - 13. Let l be r(a). What is the highest common divisor of o and l?
2
Suppose -8 = 5*u - 2*y, 5*y + 8 = -3*u + 28. Suppose -4*v + 2 + 186 = u. Let d be v/7 + (-2)/(-7). Calculate the highest common divisor of 28 and d.
7
Let m(z) = z**2 - 8*z - 14. Let k(d) = -4*d - 2. Let u be k(-3). Let c be m(u). Calculate the highest common factor of 66 and c.
6
Let f(x) = x**3 + 10*x**2 - 14*x - 8. Let b be f(-11). Let a be 2*150/3*1. What is the highest common divisor of a and b?
25
Let k be (-4)/7 - 7390/(-70). Calculate the greatest common divisor of 42 and k.
21
Suppose 4*b = 21 + 15. Suppose -2*p = -2*s + 2*p - 12, -3*p = s - b. Suppose s = 3*k - 0*k - 45. Calculate the highest common divisor of k and 6.
3
Let f = 4 - -1. Let q = 17 - f. Let t be (-2650)/(-20) + (-2)/4. Calculate the greatest common divisor of t and q.
12
Let r = -14 - -16. Suppose 4*m = 3*m + 5*t + 13, 2*m = t + 8. Suppose 5*o = m*k - 28, 0 = 4*k + r*o + 3*o + 21. What is the greatest common factor of k and 5?
1
Suppose 0 = -4*t + 97 + 183. Let a(m) = m**2 + 3. Let b be 32/6 - 1/3. Let w be a(b). What is the greatest common factor of w and t?
14
Let p = 111 - 63. What is the highest common divisor of 24 and p?
24
Suppose -q + 5*q - 132 = 0. Calculate the greatest common factor of 3 and q.
3
Let v = -215 + 369. Calculate the greatest common divisor of v and 14.
14
Let d = 42 + -22. Let k(c) = -c**2 + 7*c - 3. Let z be k(5). Let q be 351/z + (-2)/14. Calculate the highest common divisor of q and d.
10
Suppose o - 16 + 4 = 0. Suppose 3*r - 4*r + 12 = 0. What is the highest common divisor of r and o?
12
Let o(v) = 7*v + 12. Let q be o(-6). Let t be 122/15 - (-4)/q. What is the highest common factor of t and 12?
4
Let u be 154/10 - 10/25. Let m be (12/u)/((-4)/(-550)). Calculate the greatest common divisor of m and 10.
10
Suppose 0 = 2*f + f - 3*t - 129, 2*t = -2. What is the highest common factor of 14 and f?
14
Suppose 4*h - 3*h = -4*p + 83, 4*h = -4. What is the highest common factor of 210 and p?
21
Let m = 9 - -3. Suppose -2*d - r + 37 = 0, -4 = -d - r + m. Suppose z - 28 = -z - 3*s, 0 = -3*s. What is the highest common factor of d and z?
7
Let x = 10 - -64. Let s(z) = z**2 - 12*z - 14. Let m be s(13). Let a be 1/(x/72 + m). What is the greatest common divisor of 24 and a?
12
Let n = -22 + 10. Let q = n + 21. Let t = 16 - q. Calculate the highest common divisor of 7 and t.
7
Suppose 0 = -0*l + 5*l - 770. Let d(r) = r**2 + 15*r + 28. Let u be d(-14). Calculate the highest common divisor of u and l.
14
Let m be 2/(-4)*(-192)/8. Let j be m/(-16)*12/(-9). Suppose -3*v + 9 = -6. What is the greatest common divisor of v and j?
1
Let b = -18 - -33. Calculate the highest common divisor of b and 135.
15
Let h = 23 - 63. Let o = -20 - h. What is the greatest common divisor of o and 4?
4
Suppose 0 = 2*n - 4, 0 = -5*c + 5*n - 2*n - 16. Let r be 1/c + (-122)/(-4). Suppose w + w - 24 = 0. What is the highest common divisor of r and w?
6
Let q be 24*11/6*2. Suppose -5*d = -3*y + 67, 3*y + 4*d = 2*d + 74. Let g be y/(-9)*(-2 + -1). What is the greatest common factor of q and g?
8
Let q(x) be the second derivative of x**4/6 + x**3 + 2*x**2 - 2*x. Let d be q(5). Let g = -44 + d. Calculate the greatest common divisor of g and 100.
20
Suppose 5*d = 15, -2*d = b - 4*d + 3. Let k be (11/b)/(9/27). Calculate the highest common factor of k and 11.
11
Let m(q) = -q**2 + 5*q - 3. Suppose 13 = b - 2*h, 3*b - 3*h - 34 = 2*h. Let x be m(b). What is the highest common factor of x and 15?
3
Let p(s) = s**2 + s + 5. Let d be p(0). Suppose 5*m = b - 200, b - 236 = -d*m + m. What is the greatest common factor of 20 and b?
20
Suppose -c - 7*c = -80. Calculate the highest common divisor of 10 and c.
10
Let i = -54 - -90. Let j be 3*(2 + -1)/1. Suppose 0 = u - 3*y, 4*u - j*y - 30 = -3. What is the greatest common factor of i and u?
9
Suppose -3*g - 11 = -y, 0 = -2*y + g + 2*g + 16. Calculate the highest common divisor of 80 and y.
5
Suppose -n + 1 = -23. Calculate the greatest common factor of 36 and n.
12
Let n = -14 + 32. What is the greatest common factor of 27 and n?
9
Let p be (-21)/(3*(-4)/36). What is the highest common factor of p and 21?
21
Let p be (-12)/(3 + -4) - 0. What is the greatest common divisor of p and 12?
12
Suppose 20*f - 15*f - 150 = 0. Calculate the greatest common factor of 12 and f.
6
Let v be 122/12 + 3/(-18). Calculate the highest common divisor of 50 and v.
10
Let x(h) = h**3 + 7*h**2 + 6*h + 3. Let o be x(-4). Calculate the highest common factor of o and 135.
27
Suppose 0*q - 40 = -2*q. Let z be ((-1)/3)/(3/(-369)). Let b = z + -11. Calculate the highest common divisor of q and b.
10
Suppose -4*w + 30 = 4*v + 10, -5*w = -2*v - 11. Suppose -47 = v*j - 115. What is the greatest common factor of j and 85?
17
Let i(s) = -2*s + 14. Let b be i(-10). Let j = b - 6. What is the greatest common divisor of 7 and j?
7
Let g = 78 + -18. Suppose -6*i + i = -g. What is the greatest common divisor of 60 and i?
12
Suppose 0 = 4*h + 3*q + 32 - 105, 0 = h - q - 20. Let z be h/4 - 12/(-48). What is the greatest common divisor of 45 and z?
5
Let g(r) be the second derivative of -16*r**3/3 - r**2 - 2*r. Let d be g(-4). What is the highest common factor of d and 14?
14
Let a be ((-2)/2)/((-2)/98). Suppose 0 = 5*d - 4*s - 15, -15 = 3*s - 6*s. What is the highest common divisor of a and d?
7
Let z(b) = 4*b - b - 10 - b. Suppose -43 = -4*x - 3. Let f be z(x). What is the greatest common factor of f and 5?
5
Suppose 0 = -0*z + 3*z + 3. Let d be (98 - z) + (-4)/(-4). Calculate the greatest common divisor of 20 and d.
20
Suppose b + 2 = 5. Suppose -3*g - 3*a + 123 = 0, 65 = 3*g - 5*a - 74. Suppose 2*f - 11 = g. What is the great